y x(5)?
9
Suppose 0 = -0*q + 2*q - 34. Let n = 37 - q. What is the remainder when n is divided by 5 + 3 + 2/(-2)?
6
Let o(m) = m**2 - 9*m + 14. Let h be o(6). What is the remainder when (h/(-3))/(2/15) is divided by 4?
2
Suppose 2*i + 3 = i. Let y be (-4)/i*(-36)/8. Let t = -4 - y. What is the remainder when 3 is divided by t?
1
Suppose -5*x = 5*t - 185, 2*x = -4*t - 0 + 82. Suppose 6 = 6*a - 4*a. Suppose a*g = 38 + 13. Calculate the remainder when x is divided by g.
16
Suppose -3*k = -4*x + 27, -1 - 11 = -x - k. Suppose 87 = 3*m - 0*m - 3*b, 4*b = -12. What is the remainder when m is divided by x?
8
Let m be 16*27*1/(-2). Let n be m/10 - (-8)/(-20). Let h = 62 + n. What is the remainder when h is divided by 14?
12
Let j(f) = 32*f**2 + 4*f + 4. Let t be j(-3). Let q = -188 + t. Suppose 2*x - 6*x = -q. Calculate the remainder when x is divided by 8.
7
Suppose -2*f = -u + 28, 4*f + 68 = 3*u + 2*f. Suppose -3*k + k = -u. What is the remainder when 19 is divided by k?
9
What is the remainder when 43 is divided by -2*(-30)/(-50)*(-25)/2?
13
Let s be 2 + (1 - 1) + 0. Let q(c) = -c + 3. Calculate the remainder when 1/(-4) - (-9)/4 is divided by q(s).
0
Suppose 42 + 28 = 7*u. What is the remainder when 17 is divided by u?
7
Suppose -x - 8 = -2*g - 2*x, 5*x + 4 = g. Suppose -5*o + g*o + 4 = 0. Calculate the remainder when (-70)/(-8) - (-1)/o is divided by 5.
4
Let y = -7 - -20. Let w(g) be the first derivative of -g**3/3 - 5*g**2 + 8*g + 1. What is the remainder when w(-8) is divided by y?
11
Let d(i) = -i**3 - 10*i**2 - 6*i - 7. Suppose 4*o + 60 = 5*v, 2*o = 3*o - 4*v + 26. What is the remainder when d(o) is divided by 14?
11
Suppose -4 = n + 2*g, 3*g - 8 = -4*n - n. Suppose 0 = 3*y - n*m - 20, 0 = -4*y + 3*y + 4*m + 4. What is the remainder when y is divided by 3?
2
Let f = 19 - 15. Suppose -x - 3*u = -34, -x + 2*u = -f*x + 116. What is the remainder when x is divided by 11?
7
Suppose s + 9 - 24 = 0. Let p = -37 + 81. What is the remainder when p is divided by s?
14
Let u(k) = -k. Suppose 4*w + 8 + 8 = 0. Let m be u(w). Suppose 5*s - s - 4 = -3*o, -m*o - 1 = -s. What is the remainder when s is divided by 1?
0
Let z be -5 - (-3)/(6/(-2)). Let m be 0*(z/4 + 1). Suppose m = 3*r - 12, 5*b + r - 52 = 77. What is the remainder when b is divided by 13?
12
Suppose 2*x + 0*x + 2*g - 32 = 0, 4 = x - 5*g. Calculate the remainder when 21 is divided by x.
7
What is the remainder when (94/3)/(16/24) is divided by 12?
11
Suppose 0 = -x - 0*x - 2. Calculate the remainder when (x + (-28)/(-8))*30 is divided by 12.
9
Let n = -29 + 50. Let u be (-28)/6 - (-4)/6. Calculate the remainder when 243/6 - 2/u is divided by n.
20
Suppose 0*p + 2*p - 92 = 4*u, 0 = -2*p - 3*u + 57. Calculate the remainder when p is divided by 19.
17
Suppose 3*z - 33 = 3*n, 50 = 5*z - 0*n - 4*n. Let m = z + 16. Calculate the remainder when 41 is divided by m.
19
Suppose -4*t - 3*k = -5*k - 126, 0 = -2*k + 2. What is the remainder when t is divided by 174/10 + (-8)/20?
15
Suppose l + 16 = 5*l. Suppose -m + 4 - 2 = 0. Calculate the remainder when l is divided by m.
0
Let d be 1*(-3 - (3 - 37)). Suppose 25 = 2*n + x, 5*n - 5*x - d = 3*n. Suppose 2*c + s = 3 + 10, 3*s = 9. Calculate the remainder when n is divided by c.
3
Let k = 146 - 137. Calculate the remainder when 35 is divided by k.
8
Let l(t) = t**2 - 4*t - 1. Calculate the remainder when l(6) is divided by (-10)/(-4)*48/30.
3
Suppose -15 = -6*g + 3*g. Let o(m) = m - 7 + 4*m - 2*m + 5*m. Calculate the remainder when o(g) is divided by 9.
6
Let p(f) = 27*f + 5. Calculate the remainder when p(3) is divided by 22.
20
Suppose -7 = -2*v + 7. Let t(m) = m**2 - 5 - 4 + 4 - 2*m. Calculate the remainder when t(-4) is divided by v.
5
Let b be 6/4*(-8)/(-6). Suppose -6 - 14 = b*n. Let m = n - -19. Calculate the remainder when 17 is divided by m.
8
Let r(p) = -p**3 - 3*p**2 - 3*p. Suppose 4*k = 9 - 1. Suppose k*t - 20 = 4*x, -21 + 6 = -5*x. Calculate the remainder when t is divided by r(-3).
7
Suppose 4*i - 5*i = -14. What is the remainder when 27 is divided by i?
13
Suppose 4*n = -6 - 6. Let f be 4*n/(-6) + -3. Calculate the remainder when -2 - (-2 - (-11)/f) is divided by 4.
3
Let k = -75 - -317. Suppose 2*p - 9 = 5*d - k, 2*d - 78 = -3*p. Calculate the remainder when d is divided by 23.
22
Suppose 3*n + 3 = 0, -2*c = 2*c + n - 47. Suppose -8*i = -4*i + 5*h - 109, i + 2*h = 25. Suppose 15 = 2*d - i. Calculate the remainder when d is divided by c.
11
Suppose -2*s + 24 = 2*s. Let n = -2 + 19. What is the remainder when n is divided by 0/3 + 1*s?
5
Suppose 3*v - 54 = 42. What is the remainder when 58 is divided by v?
26
Let y = 4 + -3. Calculate the remainder when 56 is divided by 282/15 - y/(-5).
18
Suppose -c + 5 = -x - 1, 0 = 5*x + 2*c - 5. Let k(g) = 19*g**2. Calculate the remainder when k(x) is divided by 11.
8
Let p(q) = q**3 - q**2 - q + 1. Let r(d) = 2*d**2 - 2*d + 2. What is the remainder when r(-5) is divided by p(3)?
14
Let u be 5*(0 + (-9)/(-5)). Suppose -2*f - u = -a, -10 = -5*a - f + 13. Calculate the remainder when 24 is divided by a.
4
Let h = 17 - 10. Calculate the remainder when -3 + (3 - 1) + 26 is divided by h.
4
Suppose 2*m = 21 + 47. What is the remainder when m is divided by 12?
10
Let q(p) = 2*p - 12. Let x be q(11). Suppose -2*t - x = 0, -f - 79 = -3*f + t. Calculate the remainder when f is divided by 13.
11
Let k(a) = a**2 - 1. Let n be k(1). Suppose -2*b + 2 + 8 = n. Suppose -b*c = -5*v + 140, -1 = -3*c - 4. Calculate the remainder when v is divided by 15.
12
What is the remainder when 106 is divided by 4 + 25 + -1 + -1?
25
Suppose 0 = -g - 3*f + 17, g - 5*f = 12 - 3. Let c(r) = -3*r**2 - 1 - 2*r**3 - 3 + 3*r + 3*r**3. What is the remainder when g is divided by c(3)?
4
Suppose 3*m + m - 20 = 0. Let z = -10 + -7. Let u = z + 25. Calculate the remainder when u is divided by m.
3
Let w = 212 - 202. Let c(u) = -u + 6. Let i be c(3). Let p = 14 + i. What is the remainder when p is divided by w?
7
Suppose 5*q + 5*i - 180 = 0, -4*q + 2*i + 44 + 94 = 0. What is the remainder when q is divided by 9?
8
Let i(m) = -m - 3. Let z be i(-3). Suppose 3*o = -5*g + 2*o + 110, z = 5*o + 25. Suppose 0 = 4*f - 0*f - 272. Calculate the remainder when f is divided by g.
22
Suppose -2*x - 85 = 3*x. What is the remainder when (-2)/(-5) - (-123)/5 is divided by -3 - 0 - (x + 1)?
12
Let p be (-3)/(-3) - 1 - -153. Suppose 2*n - p = -n. What is the remainder when n is divided by 13?
12
Suppose 0*d + 174 = 3*d. Let q be (-3)/(-7) + 224/49. Let j = q + 10. What is the remainder when d is divided by j?
13
Let b(q) = q**3 - 11*q**2 + q + 14. Calculate the remainder when b(11) is divided by 7.
4
Suppose 3*u = -3*u + 6. What is the remainder when 2 is divided by u?
0
Let h(r) = r**3 + 8*r**2 + r + 8. Let u be h(-8). Suppose -3*s + 3*j = -93, u = -6*s + 2*s + 2*j + 118. Calculate the remainder when s is divided by 10.
8
Let k = -5 - -10. What is the remainder when 12 is divided by k?
2
Calculate the remainder when 41 is divided by 23/(-23)*(0 - 14).
13
What is the remainder when 19 is divided by -20 + 21 + -1 + 4?
3
Let x(b) = b**3 + 3*b**2 + 1. Let y be x(-3). Let h(c) = -c**2 - 8*c + 14. What is the remainder when 16/(((-4)/(-10))/y) is divided by h(-8)?
12
Let f(m) = -m**2 - 4*m - 4. Let s be f(4). Let y be ((-61)/(-1))/((-2)/2). Let r = s - y. What is the remainder when r is divided by 9?
7
What is the remainder when 106 is divided by (9/(-12))/((-2)/72)?
25
Let r(w) = w**3 - 5*w**2 + 6. Let o(n) = -29*n - 3. Let i be o(-2). Suppose 7*b - 2*b = i. What is the remainder when b is divided by r(5)?
5
Suppose n + 20 = 3*n - 4*s, 16 = 2*n - 3*s. What is the remainder when 3 is divided by n?
1
Let z be 10/(-3)*6/(-5). Suppose -i = -z, 0*q + 13 = 5*q - 3*i. What is the remainder when 13 is divided by q?
3
Suppose 0 = 7*l + 2*l - 198. Let n = -9 + 15. What is the remainder when l is divided by n?
4
Suppose 5 = -4*a + 53. Suppose h - 14 - a = 0. Let l = -6 + 20. Calculate the remainder when h is divided by l.
12
Suppose -2*n + 0*n = 14. Let w(m) = -m**3 - 6*m**2 + 4*m - 8. Calculate the remainder when 38 is divided by w(n).
12
Let p = -8 - -10. Suppose -4 = p*f + 2*f. Let m(o) = -28*o. What is the remainder when m(f) is divided by 10?
8
Suppose 2*k - 22 = 4*p, p - 